t i(q) = -q + 1. What is i(0)?
1
Let y(t) = 18*t + 2. Calculate y(1).
20
Let n(c) = 10*c**2 - 2*c + 1. What is n(1)?
9
Let i(w) = 2*w**2 + 22*w + 47. What is i(-9)?
11
Let i(m) = -m + 2. Determine i(0).
2
Let x(v) = 4*v**3 - 4*v**2 + 10*v - 16. Calculate x(2).
20
Let r(m) = m + 11. Determine r(-32).
-21
Let n(u) = 6*u + 82. Determine n(-14).
-2
Let r(k) = -k**2 - k - 93. Give r(0).
-93
Let n(k) = k**2 - 2*k - 1. Give n(-1).
2
Let n(p) = 4*p**3 + p + 1. What is n(2)?
35
Let j(y) = -30*y + 156. Determine j(5).
6
Let n(g) = 24*g - 1202. Calculate n(50).
-2
Let t(m) = m**3 - 7*m**2 - 2*m + 9. What is t(7)?
-5
Let z(y) = -y**3 - 20*y**2 + 21*y - 11. Calculate z(-21).
-11
Let b(u) = u**3 + 7*u**2 + 5*u - 3. Calculate b(-6).
3
Let o(a) = -95*a - 668. Give o(-7).
-3
Let c(z) = 53*z - 209. Determine c(4).
3
Let j(k) = k**3 - 8*k**2 + 9*k - 2. Calculate j(7).
12
Let k(x) = -x**2 + 21*x + 10. What is k(20)?
30
Let b(w) = 4*w - 19. Calculate b(17).
49
Let w(p) = -p**3 - 6*p**2 - 6*p - 2. What is w(-2)?
-6
Let o(k) = -k**3 - 4*k**2 + 5*k - 1. Determine o(-5).
-1
Let a(k) = -k**2 - 18*k - 39. What is a(-16)?
-7
Let g(f) = -23*f + 4. Determine g(1).
-19
Let v(i) = -i + 2. Give v(9).
-7
Let o(w) = w**3 + 23*w**2 - 26*w - 1. Calculate o(-24).
47
Let l(u) = -u - 13. Determine l(-9).
-4
Let j(h) = h**3 + 8*h**2 + h - 9. Give j(-8).
-17
Let i(y) = y**3 - 9*y**2 - 74*y + 53. Give i(14).
-3
Let l(o) = o + 21. Give l(-6).
15
Let f(d) = d**3 + 4*d**2 + 3*d - 1. Give f(-4).
-13
Let p(j) = -7*j**3 + 2*j**2 + 5*j - 1. Give p(-2).
53
Let v(r) = -r**3 + 4*r**2 + r - 12. Determine v(4).
-8
Let i(l) = -8*l**2 - 68*l - 36. Determine i(-8).
-4
Let s(o) = o**3 - 22*o**2 + 74*o - 40. What is s(18)?
-4
Let y(b) = -17*b + 131. Calculate y(8).
-5
Let r(n) = n**3 - 9*n**2 + 12*n - 41. Give r(8).
-9
Let u(n) = -2*n**2 + 7*n - 4. Give u(4).
-8
Let h(x) = x**3 - 9*x**2 + 5*x + 24. Give h(8).
0
Let n(g) = g**3 - 9*g**2 - 11*g - 11. What is n(10)?
-21
Let w(f) = -f**3 - 26*f**2 - 29*f - 93. Determine w(-25).
7
Let s(m) = m**2 + 15*m - 6. What is s(-16)?
10
Let x(f) = f**3 + 4*f**2 - 6*f - 5. Give x(-5).
0
Let u(y) = -4*y + 35. Determine u(6).
11
Let s(t) = -7*t**2 + 7*t + 4. Determine s(-2).
-38
Let z(x) = x**2 + 4*x - 16. Give z(-7).
5
Let g(d) = -2*d**2 - 6*d - 6. Calculate g(-4).
-14
Let r(z) = -z**2 - 14*z + 20. What is r(-19)?
-75
Let r(u) = u**3 + 5*u**2 + u - 1. What is r(-5)?
-6
Let g(b) = -3*b**2 + 40*b - 38. What is g(11)?
39
Let g(k) = 6*k + 10. What is g(-11)?
-56
Let r(k) = 2*k**2 + 3*k + 4. Calculate r(0).
4
Let a(o) = -2*o**3 + 3*o**2 + o - 4. Give a(-2).
22
Let o(t) = -83*t - 510. Calculate o(-6).
-12
Let g(w) = -w**3 + 7*w**2 - 21*w + 79. Give g(6).
-11
Let n(b) = 31*b + 169. Calculate n(-6).
-17
Let d(s) = s**3 - s + 1. Calculate d(-4).
-59
Let u(n) = n**2 - 3*n - 3. Give u(3).
-3
Let j(l) = 2*l**3 + 4*l**2 - l. Calculate j(-3).
-15
Let w(v) = v**3 - 14*v**2 + 50*v - 11. Determine w(8).
5
Let h(y) = y - 11. Determine h(-11).
-22
Let f(l) = -10*l - 7. Calculate f(-8).
73
Let l(c) = c**2 + 310*c + 1221. Determine l(-4).
-3
Let z(r) = -3*r + 6. Determine z(-2).
12
Let u(j) = -5*j**3 + j + 1. Give u(-1).
5
Let s(u) = -u**3 - 5*u**2 - 6*u + 9. What is s(-4)?
17
Let a(g) = -2*g**3 + 4*g**2 - 3*g. Calculate a(2).
-6
Let n(r) = r**3 + 8*r**2 - 7*r + 16. Give n(-9).
-2
Let j(z) = -3*z**2 + 20*z - 2. What is j(3)?
31
Let v(g) = 16*g + 141. Calculate v(-6).
45
Let k(x) = x - 8. Give k(3).
-5
Let d(l) = -l**3 + 6*l**2 - 5*l + 4. Give d(5).
4
Let d(c) = c**2 - 21*c + 44. Determine d(20).
24
Let n(m) = m**3 - 26*m**2 + 3*m - 76. What is n(26)?
2
Let o(u) = -u**3 + 3*u**2 + 4*u + 5. Determine o(4).
5
Let p(m) = m**3 - 10*m**2 + 15*m. Determine p(8).
-8
Let h(v) = v**2 - 13*v + 16. Calculate h(11).
-6
Let m(i) = 14*i - 37. What is m(3)?
5
Let j(g) = -g**2 - 9*g - 6. Determine j(-10).
-16
Let y(f) = -21*f**3 + 2*f - 1. Calculate y(1).
-20
Let d(z) = -z**2 + 21*z - 35. What is d(16)?
45
Let a(p) = p**3 + 16*p**2 - p - 13. Determine a(-16).
3
Let q(t) = t**3 - 4*t**2 - 4*t + 5. What is q(4)?
-11
Let f(y) = y**3 + 8*y**2 + 8*y - 4. What is f(-7)?
-11
Let h(u) = -u**3 - 9*u**2 - 20*u - 36. Give h(-7).
6
Let w(q) = -8*q**3 + q**2 - 1. What is w(-1)?
8
Let z(p) = p**3 - 7*p**2 - 3*p + 17. Calculate z(7).
-4
Let g(c) = c - 15. Calculate g(21).
6
Let r(x) = -98*x + 1363. Calculate r(14).
-9
Let u(i) = 24*i - 21. Give u(1).
3
Let j(w) = -w + 5. Determine j(3).
2
Let q(c) = -c**3 - 15*c**2 - 21*c + 7. Determine q(-14).
105
Let w(f) = -f**2 + 6*f + 58. Determine w(9).
31
Let j(l) = -l**3 - 4*l**2 + l - 3. Calculate j(-4).
-7
Let z(c) = 2*c - 4. Give z(-3).
-10
Let x(n) = 3*n**2 + 93*n + 100. Give x(-30).
10
Let f(u) = u**3 - 6*u**2 - 20*u + 10. Give f(8).
-22
Let u(h) = 4*h + 8. Determine u(0).
8
Let w(d) = 2*d + 21. Determine w(-14).
-7
Let r(z) = z**3 + 6*z**2 - 8*z + 4. What is r(-7)?
11
Let i(s) = 16*s - 221. What is i(14)?
3
Let z(t) = -t**3 + 4*t**2 + 13*t + 3. Give z(6).
9
Let p(s) = s**2 - 27. What is p(-7)?
22
Let b(k) = k**2 + 5*k + 4. Give b(0).
4
Let x(o) = -3*o + 68. Give x(23).
-1
Let n(f) = 2*f**2 - 2*f + 2. Calculate n(3).
14
Let h(s) = -4*s**2 - 10*s + 19. Calculate h(2).
-17
Let p(k) = -12*k - 36. Determine p(-6).
36
Let g(q) = -q**3 - 7*q**2 - q + 5. Determine g(-6).
-25
Let w(v) = v**2 - 10*v + 12. Give w(6).
-12
Let f(d) = d**3 + 6*d**2 + 2*d. What is f(-5)?
15
Let o(y) = y**3 - 23*y**2 + 36*y - 10. Determine o(21).
-136
Let g(v) = -v**2 + 14*v - 56. Give g(7).
-7
Let i(h) = -h**2 - 11*h - 20. Calculate i(-9).
-2
Let l(v) = 5*v + 11. Determine l(-9).
-34
Let g(s) = -s**3 + 11*s**2 + 9*s + 24. What is g(12)?
-12
Let j(s) = -s**3 - 24*s**2 - 22*s + 9. Determine j(-23).
-14
Let n(f) = -9*f - 28. Determine n(-12).
80
Let o(u) = -3*u**2 + 4*u - 3. What is o(2)?
-7
Let w(f) = 2*f**2 - 11*f + 10. Calculate w(8).
50
Let q(r) = r**2 - 2*r - 6. Calculate q(5).
9
Let p(k) = 4*k + 11. Determine p(12).
59
Let i(p) = 14*p + 378. What is i(-27)?
0
Let a(i) = 2*i + 39. Calculate a(-18).
3
Let z(d) = 298*d + 1487. Calculate z(-5).
-3
Let w(h) = -h**3 + 4*h**2 + 15*h + 5. Give w(7).
-37
Let c(i) = 43*i + 7. Give c(0).
7
Let p(w) = -4*w - 4. Determine p(3).
-16
Let m(x) = x**3 - 10*x**2 + 8*x - 10. What is m(7)?
-101
Let d(f) = -f**3 + 5*f**2 - 4*f - 11. What is d(5)?
-31
Let w(t) = -t**2 + 3*t - 2. What is w(3)?
-2
Let p(a) = -a**2 - 63*a - 499. Give p(-53).
31
Let a(f) = f**3 + 14*f**2 - 17*f - 44. Determine a(-15).
-14
Let p(g) = 4*g**2 - 4*g - 1. Give p(4).
47
Let f(c) = c**2 - 8*c + 6. Determine f(7).
-1
Let d(p) = p**3 + 4*p**2 - p - 5. Give d(-4).
-1
Let t(r) = r**2 - 15*r + 31. What is t(13)?
5
Let p(k) = -2*k - 6. What is p(-7)?
8
Let y(q) = -q**3 + 5*q**2 + 3*q + 8. Give y(6).
-10
Let w(n) = -9*n**3 - 3*n**2 + 2. Give w(1).
-10
Let x(h) = -h**2 + 5*h + 44. What is x(9)?
8
Let f(x) = -x**2 - 12*x - 11. What is f(-10)?
9
Let n(y) = 23*y**2 + 25*y + 25. Calculate n(-1).
23
Let s(b) = -3*b**2 + 2*b + 2. What is s(2)?
-6
Let d(z) = 9*z - 83. Give d(7).
-20
Let l(m) = m**3 - 10*m**2 - 28*m + 58. Give l(12).
10
Let m(w) = 5*w**2 - 43*w + 24. What is m(8)?
0
Let t(s) = -s**3 + 3*s**2 + s - 3. Calculate t(4).
-15
Let b(n) = -n**2 - 7*n - 18. What is b(-4)?
-6
Let c(l) = 9*l + 31. Determine c(-4).
-5
Let m(k) = -3*k**3 + k**2 + 2*k - 4. Give m(-2).
20
Let f(g) = -g**3 + 22*g**2 + 18*g + 63. Give f(23).
-52
Let r(y) = -y**2 - 15*y + 21. Determine r(-8).
77
Let c(b) = 3*b. Determine c(-1).
-3
Let u(m) = -m**2 + 4*m - 9. Give u(4).
-9
Let g(q) = q**2 + 19*q - 158. Calculate g(-25).
-8
Let n(a) = 4*a**2 + 46*a + 23. Determine n(-11).
1
Let h(j) = j**3 - 2*j**2 - 2. Determine h(3).
7
Let k(z) = -z + 4. Give k(5).
-1
Let f(v) = 3*v**2 + 2*v - 9. What is f(2)?
7
Let d(s) = 2*s + 42. Determine d(-24).
-6
Let o(c) = c**2 - 15*c + 13. Calculate o(12).
-23
Let z(g) = -g**2 + 7*g - 2. Determine z(7).
-2
Let b(p) = 10*p - 117. Determine b(11).
-7
Let h(s) = s**2 + 48*s + 300. Give h(-7).
13
Let r(v) = -3*v + 6. What is r(6)?
-12
Let t(h) = 2*h + 16. Calculate t(-17).
-18
Let u(z) = z - 1. Give u(-5).
-6
Let p(r) = r**3 + r**2 - 44*r + 13. Give p(6).
1
Let b(w) = 2*w + 1. What is b(-1)?
-1
Let x(s) = 3*s + 35. Determine x(-9).
8
Let u(b) = b**3 - 4*b**2 - 5*b + 4. Calculate u(5).
4
Let s(u) = -u**3 - 33